 when 6796 is divided by l.
96
Let o(r) = 4*r + 215. Let d = 333 - 374. Calculate the remainder when 142 is divided by o(d).
40
Let q(w) = w**3 - 2*w**2 - 6*w - 2. Let d be q(6). Suppose 7*f - 55 = d. Suppose 4*p - 22 = -b, b + p = -4*p + f. What is the remainder when b is divided by 5?
3
Suppose -4*a - l + 573 = -252, l + 1038 = 5*a. Suppose -201*n - 270 = -a*n. What is the remainder when n is divided by 14?
3
Suppose -72 = 2*a + o + 2*o, -4*a = 4*o + 148. Let v = 62 - a. What is the remainder when v is divided by ((-1360)/(-51))/((-4)/(-6)) + -6?
33
Let z = 1229 + -625. Suppose 17*y + 111 = z. Calculate the remainder when 32 is divided by y.
3
Suppose 0 = j - 3*q - 59, -5*j + 2*q + 233 = -179. Calculate the remainder when 8081 is divided by j.
83
Suppose 4*b + 3*u - u = 2, -3*b = 4*u - 14. Let h be (-1)/1*b - (-1 - -4). Let w(l) = 55*l**2 + 3*l + 2. What is the remainder when w(h) is divided by 11?
10
Suppose 3*b - 2*b = -5*q + 5, 3*q = -b + 5. Suppose 5*c - 153 = -q*c - n, -3*c - 4*n + 102 = 0. What is the remainder when 114 is divided by c?
24
Let r(q) = -6*q**3 + 3*q**2 - 57*q - 33. Calculate the remainder when 5145 is divided by r(-6).
6
Let i(r) = -r**3 + 16*r**2 + 29*r + 26. Let w be i(19). Let v = 508 + w. Calculate the remainder when 100 is divided by v.
0
Let j = -32565 - -32614. Calculate the remainder when 7097 is divided by j.
41
Let a(i) = i**3 + 37*i**2 - 88*i - 192. Calculate the remainder when 372 is divided by a(-39).
174
Let p be 4995/54 + 1/(-2) + 1. Let h = 131 - p. Let l = h - 25. What is the remainder when 60 is divided by l?
8
Let s be (-1 + 0 + (-9)/(-6))*4. Suppose -d + 66 = 5*o, -3*d - 38 + 15 = -s*o. What is the remainder when 17 is divided by o + ((-6)/(-14) - (-48)/(-14))?
7
Suppose 0 = b - 0*b - 109. Let k = -99 + b. What is the remainder when (-236)/(-8) + 2/(-4) is divided by k?
9
Let x = 300 - 183. Let o = x + -33. Suppose -9*a + 2*a + o = 0. Calculate the remainder when 59 is divided by a.
11
Suppose 10850 = 78*w + 6456 - 16510. Calculate the remainder when 751 is divided by w.
215
Let p be 2/3*3*(-54)/(-36). Suppose -183 = 2*m - p*m. Suppose -5*h - q - 2*q + m = 0, h - 2*q - 34 = 0. What is the remainder when 68 is divided by h?
32
Let n(j) = -j**2 - 26*j - 25. Let i be n(-6). Suppose -466 + i = -4*p - 3*m, 3*m = 5*p - 484. What is the remainder when p is divided by 24?
23
Suppose -151 = -5*g + 44. Let j = 2664 - 2662. Suppose 5*l - g = j*l. Calculate the remainder when 75 is divided by l.
10
Let l be (24/10)/(32/(-560)). What is the remainder when 606 is divided by l/(-28)*(-228)/(-9)?
36
Let u(x) = 15*x**2 + 3*x**2 - x**3 - 6 + 0*x - 2*x**2 + 2*x. What is the remainder when u(16) is divided by 14?
12
Let b(w) = 6*w**2 + 2*w + 3. Suppose -3*z - 3*t + 279 = -327, 0 = -z + 4*t + 192. What is the remainder when z is divided by b(-3)?
47
What is the remainder when 8754*(15 - 261/18) is divided by 13?
9
Let v(g) = -13*g - 1. Suppose 3*x = 21173 - 21089. What is the remainder when v(-6) is divided by x?
21
Let y(h) = -97*h + 185. Calculate the remainder when y(-6) is divided by 22.
19
Suppose 16*l + 1036 = 23*l. Let d = l - 131. Let s(i) = 8*i**2. What is the remainder when s(-2) is divided by d?
15
Let x = -11986 + 12676. What is the remainder when x is divided by 70?
60
Let z(t) = 65 + t**2 - 12*t - 18 - 6*t + 5. What is the remainder when 102 is divided by z(17)?
32
Suppose -3*s + 2*q = -3287, -1064 = -53*s + 52*s + 7*q. Calculate the remainder when s is divided by 25.
24
Suppose 4*u + 2*r - 26 = 0, 7*u = 10*u - 5*r. Let f(z) = -34*z + 197. Calculate the remainder when f(u) is divided by 15.
12
Let n be (148/(-10))/((-7)/35). Let x = -70 + n. Suppose -6 + 19 = -k + 5*q, x*k + 4 = 4*q. What is the remainder when 2 is divided by k?
0
Let b(d) = 15*d**2 + 78*d + 53. Calculate the remainder when b(-14) is divided by 627.
20
Let k(p) = 7*p - 125. Let u = 487 + -465. What is the remainder when (-2)/2 - -1 - -173 is divided by k(u)?
28
Suppose -3*f + 2*f + 22 = 0. Let y = -27 + f. Let p = 18 - y. Calculate the remainder when 44 is divided by p.
21
Suppose -2*r + 3*a = 41, 60 - 6 = -3*r + 2*a. What is the remainder when 129 is divided by (352/(-28))/((r/28)/2)?
41
Calculate the remainder when 113 is divided by (-4)/(-10) - (-11)/(110/376).
37
Let r(a) = a**3 + 5*a**2 - 4*a - 15. Let u be r(-5). Suppose u*i + 4*n - 59 = 0, 3*i - 2*n + 3*n = 41. Calculate the remainder when 56 is divided by i.
11
Let b(i) = 2*i**3 + 5*i**2 - 4*i + 3. Let a(m) = m**3 + m**2 - m. Let o(y) = -5*a(y) + b(y). What is the remainder when 54 is divided by o(-2)?
4
Let s = 377 + -377. Let g(b) = b**3 + b**2 - 8*b + 54. What is the remainder when 430 is divided by g(s)?
52
Suppose 83*i + 169*i = 52*i + 4000. Calculate the remainder when 323 is divided by i.
3
Let w = -720 - -760. What is the remainder when 628 is divided by w?
28
Let d(l) be the first derivative of 13*l**3/3 + 5*l**2 - 12*l - 289. What is the remainder when 226 is divided by d(-3)?
1
Suppose 4*v - 7*v = 14*v - 9809. What is the remainder when v is divided by 81?
10
Let i(b) = -836*b + 5096. Calculate the remainder when i(3) is divided by 645.
8
Let j(y) = 18*y - 626. Let m be j(35). Suppose -42 = -4*z - 2*t, 28*z + 33 = 33*z - m*t. Calculate the remainder when 24*8/(-6)*-1 is divided by z.
5
Let c = -28322 + 28572. What is the remainder when 503 is divided by c?
3
Suppose 0*d + 2*d - 850 = 0. Suppose -15*g - 2*g + d = 0. What is the remainder when 167 is divided by g?
17
Let c = -13094 - -15820. What is the remainder when c is divided by 124?
122
Suppose 5*i - 4*z + 6 = 1, -5 = -2*i + 3*z. Let s be i/(-10)*-1*-38. Suppose -b = -4*d - s - 31, 110 = 3*b - 4*d. What is the remainder when 87 is divided by b?
27
Suppose 73*j - 104 = 2451. What is the remainder when 2 + 0 + 0 + 64 is divided by j?
31
Suppose -76 = -4*y - 4*o, 5*y - 5*o = -9*o + 99. Let a = -969 + 1081. What is the remainder when a is divided by y?
20
Let h = -1330 + 798. Let w = -502 - h. What is the remainder when 101 is divided by w?
11
Let z = 124 + -59. Suppose 2*p - 2*d - z = 57, -4*d = 3*p - 148. What is the remainder when p is divided by 33?
23
Suppose -12*q + 138 = 54. Let o = 60 - 48. Suppose -o*s = -15*s + 60. What is the remainder when s is divided by q?
6
Let l(r) = -178 + 6*r - 166 + 11*r**2 + 363 + r**3. Let t be l(-8). Suppose -27 = 4*a - t. Calculate the remainder when a is divided by 6.
4
Let l(i) = 564*i - 4. Let q be l(-1). Let x = q + 584. Suppose 0 = 2*d + 5 - 67. Calculate the remainder when d is divided by x.
15
Calculate the remainder when -1*-1*5 + (1215 - 20)/5 is divided by 40.
4
Let i be (-3 + (-7)/(-2))/(1/10). Suppose 0 = i*t + 5*d - 40, 4*d + 5 = 9. Calculate the remainder when 20 is divided by t.
6
Suppose -5*b - 59 = 4*r, r - 4*b + 1 - 2 = 0. Let k = 18 + r. What is the remainder when (11/((-11)/6))/(3/(-10)) is divided by k?
6
Let r = 599 + -578. Suppose r*g - 5749 = -331. What is the remainder when g is divided by 5?
3
Let u(b) = b**2 - 3*b - 21. Let m(z) = -z**3 - 16*z**2 - 30*z - 20. Let i be m(-14). Calculate the remainder when 65 is divided by u(i).
8
Let w = 51 - 23. Suppose -30*y = -w*y - 444. Suppose -26*t = -24*t - y. Calculate the remainder when t is divided by 30.
21
Let x(u) = 19*u**2 - 2*u - 1. What is the remainder when (-94)/7*(1/(272/476))/((-2)/8) is divided by x(-1)?
14
Suppose -4*a = 3*n + 993 + 2936, 0 = n - 2*a + 1323. Calculate the remainder when -2 - 3*(4 + n/15) is divided by 50.
49
Let f be -8 + (6 - 1) - 214. Let j = 251 + f. What is the remainder when j is divided by 7?
6
Let s be ((-4)/(-14))/((-15)/(-8295)). Let n = s - 119. What is the remainder when n is divided by 15?
9
Let p(f) = 12*f**2 - f - 1. Let n(y) = -y**3 - 24*y**2 - 25*y - 24. What is the remainder when p(2) is divided by n(-23)?
1
Suppose 3*u - 2*u + 52 = 3*v, 0 = 2*v + 4*u - 44. Let q = 729 - 720. What is the remainder when v is divided by q?
0
Let d(r) = -5*r - 27. Let a be d(-11). Let p = a + -15. Suppose 19*o - p*o = 78. What is the remainder when 50 is divided by o?
11
Let c(q) = q**2 - 15*q - 24. Let s be ((-37)/4)/((-36)/288). Suppose -301 = -4*n - 3*g, -5*n + g - s = -6*n. Calculate the remainder when n is divided by c(17).
9
Let p(k) = k**3 - 9*k**2 - 7*k + 13. Let u be p(10). S